). What is the tens digit of y(o)?
3
Let a be (-2)/6 - (105/9)/(-5). Suppose -6*l + 2*l + 20 = 0. Suppose a*g = l*g - 21. What is the units digit of g?
7
Suppose -5*y = -15, 248 = -4*f + 4*y - 0*y. Let v = 151 + f. What is the tens digit of v?
9
Suppose 4*k - j = 1049, 5*j + 0*j = -5*k + 1280. Suppose 0*d = 3*d - k. What is the tens digit of d?
8
Suppose -v + 20 = 2*n, -27 - 42 = -4*v + 3*n. What is the units digit of (48/v)/(-8)*-477?
9
Let y(k) = 20*k**2 + k - 2. Suppose -7*i = i + 24. What is the hundreds digit of y(i)?
1
Let u = -33 - -33. Suppose -v + 6*v - 545 = u. What is the hundreds digit of v?
1
Let o be (-6)/(-5)*1040/39. Suppose -10 = -b - 4*b. Suppose -2*a + 5*c + 45 = -8, 2*a = -b*c + o. What is the units digit of a?
9
Let n = -18 - -19. What is the units digit of ((-4)/n)/((-3)/24)?
2
Suppose -8*l - 6 = -6*l. What is the tens digit of (50/(-4))/(l/6)?
2
What is the tens digit of (0 - -1)*1328*(12 + -11)?
2
Let r = 3093 - 1049. What is the hundreds digit of r?
0
Let a(z) = -z - 1. Let x be a(-7). Let n(f) = -f**3 + 5*f**2 + 6*f - 6. Let c be n(x). Let d(m) = -2*m + 3. What is the tens digit of d(c)?
1
Let q be (-2)/(-9)*6*45. Suppose 5*c + 2*a - 12 = 3*c, -5*c + 5*a = -q. What is the tens digit of (0 - -27)*6/c?
1
Let y(o) = o. Let q be y(5). Let p(m) = 5 - q*m - 6 - 10 + m**2. What is the units digit of p(9)?
5
Suppose -4*u + 28 = 5*p, -2*p + 27 = -3*u + 2. What is the units digit of (64/(-36))/p + (-1678)/(-18)?
3
Suppose 3*l - 22 = -5*j, -5*l + 2*l - j + 14 = 0. Suppose 0 = 2*f + 4*p - 42, 13 = -2*f + 5*f - l*p. What is the units digit of f?
1
Let l(y) = -5*y**2 - 2*y - 9. Let g be l(-4). Let d = -77 + 28. Let s = d - g. What is the tens digit of s?
3
Let a be (2 + 0)/(0 - (-4)/422). Suppose p - 3*q + 633 = 4*p, 2*q = -p + a. What is the hundreds digit of p?
2
Let u = 11259 + -5582. What is the tens digit of (-8)/(-12) + u/21?
7
Let x = 32 - 35. Let i(r) = 10*r**2 + 2*r - 1. What is the tens digit of i(x)?
8
Let t be -26 + 0 + 2 + 2. Let c = -18 - t. What is the tens digit of 55/3 + c/(-12)?
1
What is the tens digit of -32*(-7 + -21 - -2)?
3
Let p(y) = -16*y + 7. Let z be p(6). Let j = z + 169. What is the units digit of j?
0
Suppose 1731 = 3*a + 564. What is the hundreds digit of a?
3
Suppose 3*z + 1 = 5*b, 4*b + z - 6*z + 7 = 0. Suppose -3*w - b*w = -10. What is the units digit of 25/w*(-12)/(-15)?
0
Let t(d) = d - 9 + 22 + 15 + 4. What is the units digit of t(27)?
9
Suppose 3*g + 2 = -i + 2*i, 3*i - 3*g = 0. What is the tens digit of (5/(5/(-47)))/i?
4
Suppose g + 24 = 120. Suppose -2*h + g = -60. What is the units digit of h?
8
Suppose -2*u - u + 1578 = -3*q, -3*q - 528 = -u. What is the hundreds digit of u?
5
Let a = 3747 - 2142. What is the hundreds digit of a?
6
Suppose -x + 0*j = 2*j - 347, 1348 = 4*x - 2*j. What is the units digit of x?
9
Let p(s) = 22*s**2 + 3*s + 135. What is the units digit of p(-11)?
4
Let f be 0/(-4*(-4)/16). Suppose -z - 4*z - 70 = f. Let k = -11 - z. What is the units digit of k?
3
Suppose w = 5*g + 57 + 35, -w = 4*g - 47. Suppose 2*i + 4*y = -27 + w, i = 4*y + 38. What is the units digit of i?
6
What is the units digit of ((-159493)/698)/(1 - (-14)/(-12))?
1
Let n(b) = 2*b**2 + 39*b + 63. Let o(l) = l**2 + 19*l + 31. Let w(c) = -4*n(c) + 9*o(c). What is the units digit of w(-17)?
1
Suppose 0 = -59*j + j + 103530. What is the tens digit of j?
8
Let s(c) = -c**3 + c**2 + 2*c + 104. Let i be s(0). What is the units digit of (15/30)/(2/i)?
6
Suppose -5*z + 101 = 3*w - 428, 4*w = 12. Let d = -54 + z. Suppose -5*y - 5*f + d = 0, -y - 2*y = -3*f - 24. What is the units digit of y?
9
Let b = -16 - -16. Suppose -i + 1 + 58 = b. What is the tens digit of i?
5
Let f(i) = i**3 + 10*i**2 - 13*i - 18. Let g be f(-11). Suppose 2*p - g*y = 120, -y + 2 + 2 = 0. What is the tens digit of p?
6
Let x(q) = -q**3 + 4*q**2 + 2*q - 4. Let v be x(4). Let f = 116 - 52. Suppose f = v*o - 0. What is the units digit of o?
6
What is the tens digit of 70/15*(-2880)/(-14)?
6
Let i(k) = -k**3 - 3*k**2 - k + 3. Let b be i(-3). Suppose a - 4*p = 12, -4*p - b = -a - 3*p. What is the units digit of a?
4
What is the tens digit of ((-1680)/(-245))/((-2)/(-133))?
5
Suppose -106699 = -23*x - 14239. What is the hundreds digit of x?
0
Let k(v) = 6 + 1677*v + 1 - 1643*v. What is the tens digit of k(4)?
4
Let w(m) = -145*m - 90. What is the hundreds digit of w(-6)?
7
Let n(t) = -7*t - 28. Let o(i) = 22*i + 84. Let y(p) = -10*n(p) - 3*o(p). What is the tens digit of y(11)?
7
Let x(w) = w**2 - w - 2. Let r be 6/4*2 + -1. Let y be x(r). Suppose 3*o - 2*o - 34 = y. What is the units digit of o?
4
Suppose -2*j + 176 = 4*k, -2*j + 7*k - 2*k = -140. Let m = j + 9. What is the units digit of m?
9
Let f(v) = -22*v + 1. Let p be f(-3). Suppose n - p - 137 = -3*k, 3*k + 5*n - 204 = 0. What is the units digit of k?
8
Let z = 268 + -744. Let k = -308 - z. What is the tens digit of k?
6
Suppose 0 = -5*t + 5*l + 30, 42 = 2*t + 2*l + 2*l. Let o = t + 34. What is the tens digit of (-24)/(-10)*o/6?
1
Let k be 5 + -3 + (2 - -1). Suppose 0 = i + 5*w + 20, 0 = -k*i + w + 20 + 10. Let y(p) = 2*p**2 - 4*p - 6. What is the tens digit of y(i)?
2
Let o(h) = h**3 + 13*h**2 + h + 11. Let p be o(-13). What is the units digit of ((-30)/25)/(p/125)?
5
Let k(x) = 3*x + 2. Let d be k(-2). Let g(y) = 7*y + 16 + 0*y**3 + 10 - y**2 - 21 - y**3. What is the units digit of g(d)?
5
Let j be -3 - (-6)/(3 - 2). Suppose -5*x = 3*f - 29, x + 3*f + 3 = 4. Suppose -2*b = -6*b + j*r + 37, -3*r - x = -b. What is the units digit of b?
0
Suppose 2*b - i - 2482 = 0, 5*b = 11*i - 13*i + 6214. What is the tens digit of b?
4
Suppose -2*k - 9*h + 10*h = -2590, k + 5*h = 1295. What is the thousands digit of k?
1
Let v = -716 - -1215. What is the hundreds digit of v?
4
Suppose 0 = 3*x + 9*l - 4*l - 1223, 5 = 5*l. What is the tens digit of x?
0
Let c be 56/10 - 18/(-45). Suppose 5*o = c*o - 26. What is the units digit of o?
6
Let r(b) = -b**2 - b - 1. Let i be r(-2). Let c = 56 + -59. What is the units digit of i/(2 + c) + 13?
6
Suppose -13 = 3*g - 8*g - t, -9 = -3*t. Suppose -26 = -h - n, -3*n - g + 18 = h. What is the tens digit of h - ((0 - 3) + 2)?
3
Let u(w) = 4*w**3 + w**2 + w - 2. Let m be (-2)/3 - 58/(-6). Suppose 0*b = -3*a + 3*b + m, 4*b + 10 = 3*a. What is the units digit of u(a)?
6
Let h(y) = -y**2 + 10*y - 4. Let o be h(7). Suppose 3*k - 202 = o. Suppose -4*b = -3*g - 111, b - k = -b + 5*g. What is the tens digit of b?
2
Suppose 2263 = -11*a + 6432. What is the hundreds digit of a?
3
Suppose 0 = -26*r + 36078 + 2662. What is the hundreds digit of r?
4
Let g(n) = 20*n + 60. What is the hundreds digit of g(14)?
3
Suppose 5*o + 2*c = -34, -o - 3*o = 3*c + 23. What is the tens digit of (-879)/(-9) + o/3 + 3?
9
Let w = -11 + 64. Let m(h) = -48*h - 8. Let l be m(-2). Let g = l - w. What is the units digit of g?
5
Suppose -4*y = 5*p - 41, 5*y - 7 - 38 = -5*p. Let o(f) = f - 3. Let c be o(p). Suppose a - 8 - c = 0. What is the units digit of a?
0
Suppose -j = -8 - 18. Let f(t) = 2*t**2 - 11*t + 7. Let i be f(8). Let p = i - j. What is the tens digit of p?
2
What is the tens digit of 1/((-5)/(-24560)*4)?
2
Let s(m) = -m**2 - 34*m + 10. What is the tens digit of s(-22)?
7
Suppose 2*j + 2*p = -2*j + 3956, -3*j = 5*p - 2953. What is the hundreds digit of j?
9
Let l(f) = -5*f + 14. Let o(b) be the second derivative of b**3/6 - 13*b**2/2 - 2*b. Let a be o(7). What is the units digit of l(a)?
4
Let d(w) = -w**3 + w**2 + w - 1. Let u be d(2). Let n be ((3 - 3)/u)/(-2). Suppose -3*c - 12 = n, 3*k + 2*c + 3 = -2. What is the units digit of k?
1
Let a(d) = -9*d**2 + 2*d + 362. What is the hundreds digit of a(0)?
3
Suppose -4*x + 130 = -106. Let b = x - 23. Let c = b - 16. What is the tens digit of c?
2
Let b(r) = 18*r**2 - 37*r + 241. What is the hundreds digit of b(10)?
6
Let w(p) = -6 + p**3 + 0*p**2 + 0*p + 5*p**2 - 4 - p. Let q be w(-5). What is the units digit of (24/(-2))/(1/q)?
0
Let j(m) be the third derivative of m**5/60 + m**4/3 + 11*m**3/6 + 9*m**2 + 2. Let c(z) = -3*z**2 + 2. Let u be c(-2). What is the tens digit of j(u)?
3
Let n = 34 + -10. Suppose -26*v + n*v = -30. What is the tens digit of v?
1
Let z(j) = -7*j**2 + j + 29. Let i(h) = -15*h**2 + 3*h + 58. Let a(r) = 6*i(r) - 13*